{"id":42,"date":"2011-08-04T16:26:02","date_gmt":"2011-08-04T14:26:02","guid":{"rendered":"http:\/\/www.jeanneleguen.com\/jeanneleguen\/?page_id=42"},"modified":"2017-04-08T14:57:40","modified_gmt":"2017-04-08T12:57:40","slug":"parcours","status":"publish","type":"page","link":"http:\/\/www.jeanneleguen.com\/jeanneleguen\/?page_id=42","title":{"rendered":"Parcours"},"content":{"rendered":"<h6><a title=\"ArtPrice\" href=\"http:\/\/web.artprice.com\/artistdetails.aspx?idArti=MTg1MDM5Njc4NjM4MTU4LQ==&amp;artist=Jeanne+LE+GUEN&amp;src=3\" target=\"_blank\">Cotation et actualit\u00e9s en Salles des Ventes sur ArtPrice.com<br \/>\n<\/a>Vit et travaille en Bretagne.<br \/>\nForm\u00e9e aux Ateliers des Beaux Arts de la Ville de Brest<\/h6>\n<h6>Contact : jeanne_leguen@yahoo.fr<\/h6>\n<p>&nbsp;<\/p>\n<h6>2017 1\u00e8re Mention pour \u201c Eclats de rubis \u201c au 49\u00e8me Grand prix de peinture du L\u00e9on<\/h6>\n<h6>2012 Prix de Mouettes La Rochelle<\/h6>\n<h6>2010 2\u00e8me Prix de Peinture au Salon \u00ab Plouesc&#8217;Art \u00bb<br \/>\n2009 1er Prix de Peinture au Salon de Fouesnant-les-Gl\u00e9nans \u00bb<br \/>\n2008 1er Prix de Peinture figurative au 15\u00e8me Salon de Plouarzel<\/h6>\n<h6><\/h6>\n<p>&nbsp;<\/p>\n<h6>Expositions Personnelles (S\u00e9lection)<\/h6>\n<h6>2017 Espace Culturel le Champ de Foire \u00e0 Plabennec<\/h6>\n<h6>2012 Dialogue Brest<\/h6>\n<h6>2011 M\u00e9diath\u00e8que de Plourin-l\u00e8s-Morlaix<\/h6>\n<h6>2011 Casino de Plouescat<\/h6>\n<h6>2010 Espace Avel Vor Plougastel<br \/>\n2010 Casino de Roscoff<br \/>\n2009 Latitude Port de Brest<br \/>\n2008 Bl\u00e9 Noir Stang Alar Brest<\/h6>\n<h6><\/h6>\n<p>&nbsp;<\/p>\n<h6>Expositions Collectives (S\u00e9lection)<\/h6>\n<h6>2011-2013 Salon de Peinture \u00e0 l&#8217;Archipel &#8211; Fouesnant<br \/>\n2004- 2013 Salon de Printemps de Plouarzel<br \/>\n2010-2013 Salon de Peinture \u00ab Plouesc&#8217;Art 2010 \u00bb<br \/>\n2009- 2010 Salon de Plomodiern<br \/>\n2005- 2010 Salon de Landivisiau<\/h6>\n<h6>2004-2009 Mairie de Brest<br \/>\n2005- 2008 Salon des Arts de Noisy (78)<br \/>\n2007 March\u00e9 des impressionnistes de Rueil-Malmaison (92)<br \/>\n2008- 2009 March\u00e9 des Arts de Gally ( 78 )<\/h6>\n<h6><\/h6>\n<p>&nbsp;<\/p>\n<h6>Expositions permanentes<br \/>\nPlusieurs galeries de Brest .<br \/>\nGalerie H\u00e9l\u00e8ne de Senneville Ile Maurice<\/h6>\n","protected":false},"excerpt":{"rendered":"<p>Cotation et actualit\u00e9s en Salles des Ventes sur ArtPrice.com Vit et travaille en Bretagne. Form\u00e9e aux Ateliers des Beaux Arts de la Ville de Brest Contact : jeanne_leguen@yahoo.fr &nbsp; 2017 1\u00e8re Mention pour \u201c Eclats de rubis \u201c au 49\u00e8me &hellip; <a href=\"http:\/\/www.jeanneleguen.com\/jeanneleguen\/?page_id=42\">Continue reading <span class=\"meta-nav\">&rarr;<\/span><\/a><\/p>\n","protected":false},"author":1,"featured_media":0,"parent":0,"menu_order":0,"comment_status":"closed","ping_status":"closed","template":"","meta":{"footnotes":""},"class_list":["post-42","page","type-page","status-publish","hentry"],"_links":{"self":[{"href":"http:\/\/www.jeanneleguen.com\/jeanneleguen\/index.php?rest_route=\/wp\/v2\/pages\/42","targetHints":{"allow":["GET"]}}],"collection":[{"href":"http:\/\/www.jeanneleguen.com\/jeanneleguen\/index.php?rest_route=\/wp\/v2\/pages"}],"about":[{"href":"http:\/\/www.jeanneleguen.com\/jeanneleguen\/index.php?rest_route=\/wp\/v2\/types\/page"}],"author":[{"embeddable":true,"href":"http:\/\/www.jeanneleguen.com\/jeanneleguen\/index.php?rest_route=\/wp\/v2\/users\/1"}],"replies":[{"embeddable":true,"href":"http:\/\/www.jeanneleguen.com\/jeanneleguen\/index.php?rest_route=%2Fwp%2Fv2%2Fcomments&post=42"}],"version-history":[{"count":15,"href":"http:\/\/www.jeanneleguen.com\/jeanneleguen\/index.php?rest_route=\/wp\/v2\/pages\/42\/revisions"}],"predecessor-version":[{"id":294,"href":"http:\/\/www.jeanneleguen.com\/jeanneleguen\/index.php?rest_route=\/wp\/v2\/pages\/42\/revisions\/294"}],"wp:attachment":[{"href":"http:\/\/www.jeanneleguen.com\/jeanneleguen\/index.php?rest_route=%2Fwp%2Fv2%2Fmedia&parent=42"}],"curies":[{"name":"wp","href":"https:\/\/api.w.org\/{rel}","templated":true}]}}

<h6><a title="ArtPrice" href="http://web.artprice.com/artistdetails.aspx?idArti=MTg1MDM5Njc4NjM4MTU4LQ==&amp;artist=Jeanne+LE+GUEN&amp;src=3" target="_blank">Cotation et actualités en Salles des Ventes sur ArtPrice.com<br />
</a>Vit et travaille en Bretagne.<br />
Formée aux Ateliers des Beaux Arts de la Ville de Brest</h6>
<h6>Contact : jeanne_leguen@yahoo.fr</h6>
<p>&nbsp;</p>
<h6>2017 1ère Mention pour “ Eclats de rubis “ au 49ème Grand prix de peinture du Léon</h6>
<h6>2012 Prix de Mouettes La Rochelle</h6>
<h6>2010 2ème Prix de Peinture au Salon « Plouesc&#8217;Art »<br />
2009 1er Prix de Peinture au Salon de Fouesnant-les-Glénans »<br />
2008 1er Prix de Peinture figurative au 15ème Salon de Plouarzel</h6>
<h6></h6>
<p>&nbsp;</p>
<h6>Expositions Personnelles (Sélection)</h6>
<h6>2017 Espace Culturel le Champ de Foire à Plabennec</h6>
<h6>2012 Dialogue Brest</h6>
<h6>2011 Médiathèque de Plourin-lès-Morlaix</h6>
<h6>2011 Casino de Plouescat</h6>
<h6>2010 Espace Avel Vor Plougastel<br />
2010 Casino de Roscoff<br />
2009 Latitude Port de Brest<br />
2008 Blé Noir Stang Alar Brest</h6>
<h6></h6>
<p>&nbsp;</p>
<h6>Expositions Collectives (Sélection)</h6>
<h6>2011-2013 Salon de Peinture à l&#8217;Archipel &#8211; Fouesnant<br />
2004- 2013 Salon de Printemps de Plouarzel<br />
2010-2013 Salon de Peinture « Plouesc&#8217;Art 2010 »<br />
2009- 2010 Salon de Plomodiern<br />
2005- 2010 Salon de Landivisiau</h6>
<h6>2004-2009 Mairie de Brest<br />
2005- 2008 Salon des Arts de Noisy (78)<br />
2007 Marché des impressionnistes de Rueil-Malmaison (92)<br />
2008- 2009 Marché des Arts de Gally ( 78 )</h6>
<h6></h6>
<p>&nbsp;</p>
<h6>Expositions permanentes<br />
Plusieurs galeries de Brest .<br />
Galerie Hélène de Senneville Ile Maurice</h6>

<p>Cotation et actualités en Salles des Ventes sur ArtPrice.com Vit et travaille en Bretagne. Formée aux Ateliers des Beaux Arts de la Ville de Brest Contact : jeanne_leguen@yahoo.fr &nbsp; 2017 1ère Mention pour “ Eclats de rubis “ au 49ème &hellip; <a href="http://www.jeanneleguen.com/jeanneleguen/?page_id=42">Continue reading <span class="meta-nav">&rarr;</span></a></p>
