{"id":2,"date":"2011-08-04T13:31:22","date_gmt":"2011-08-04T11:31:22","guid":{"rendered":"http:\/\/www.jeanneleguen.com\/jeanneleguen\/?page_id=2"},"modified":"2013-05-13T10:06:41","modified_gmt":"2013-05-13T08:06:41","slug":"sample-page","status":"publish","type":"page","link":"http:\/\/www.jeanneleguen.com\/jeanneleguen\/","title":{"rendered":""},"content":{"rendered":"<blockquote>\n<h6 style=\"text-align: justify;\"><span style=\"font-family: Arial, sans-serif;\"><span style=\"font-size: x-small;\"><span style=\"font-size: small;\">Dans mon \u0153uvre, je cherche avant toute chose \u00e0 apprivoiser l&#8217;espace et l&#8217;environnement, souvent en \u00e9ludant le monde des apparences qui m&#8217;entourent, en les interpr\u00e9tant autrement. Dans ces moments l\u00e0 mon imaginaire joue un\u00a0 r\u00f4le important. Que ce soit\u00a0 dans les formes, les couleurs intenses , fauves, siennes, souvent\u00a0 des\u00a0 couleurs ent\u00eatantes&#8230;L\u00e0 un rouge vibre comme un cri, mais une petite touche de bleu, de turquoise pr\u00e9vient\u00a0 l&#8217;incandescence&#8230;L\u00e0 un rouge vif et un sang s\u00e9ch\u00e9, puis dans les moments qui suivent l&#8217;apaisement s&#8217;annonce.<\/span><\/span><\/span><\/h6>\n<h6 style=\"text-align: justify;\"><span style=\"font-family: Arial, sans-serif;\"><span style=\"font-size: small;\">Je travaille mes toiles \u00e0 l&#8217;acrylique, au couteau, mais j&#8217;ins\u00e8re volontiers diff\u00e9rentes mati\u00e8res, \u00e9l\u00e9ments naturels, papiers japonais, cartes marines, textiles , me laissant guider par mes intuitions dans le domaine de l&#8217;abstraction <\/span><\/span><\/h6>\n<h6 style=\"text-align: justify;\"><span style=\"font-family: Arial, sans-serif;\"><span style=\"font-size: x-small;\"><span style=\"font-size: small;\">Mon souhait susciter\u00a0 \u00e9motions et interrogations.\u00a0 <\/span><\/span><\/span><\/h6>\n<\/blockquote>\n<h2><\/h2>\n","protected":false},"excerpt":{"rendered":"<p>Dans mon \u0153uvre, je cherche avant toute chose \u00e0 apprivoiser l&#8217;espace et l&#8217;environnement, souvent en \u00e9ludant le monde des apparences qui m&#8217;entourent, en les interpr\u00e9tant autrement. Dans ces moments l\u00e0 mon imaginaire joue un\u00a0 r\u00f4le important. Que ce soit\u00a0 dans &hellip; <a href=\"http:\/\/www.jeanneleguen.com\/jeanneleguen\/\">Continue reading <span class=\"meta-nav\">&rarr;<\/span><\/a><\/p>\n","protected":false},"author":1,"featured_media":0,"parent":0,"menu_order":0,"comment_status":"closed","ping_status":"closed","template":"sidebar-page.php","meta":{"footnotes":""},"class_list":["post-2","page","type-page","status-publish","hentry"],"_links":{"self":[{"href":"http:\/\/www.jeanneleguen.com\/jeanneleguen\/index.php?rest_route=\/wp\/v2\/pages\/2","targetHints":{"allow":["GET"]}}],"collection":[{"href":"http:\/\/www.jeanneleguen.com\/jeanneleguen\/index.php?rest_route=\/wp\/v2\/pages"}],"about":[{"href":"http:\/\/www.jeanneleguen.com\/jeanneleguen\/index.php?rest_route=\/wp\/v2\/types\/page"}],"author":[{"embeddable":true,"href":"http:\/\/www.jeanneleguen.com\/jeanneleguen\/index.php?rest_route=\/wp\/v2\/users\/1"}],"replies":[{"embeddable":true,"href":"http:\/\/www.jeanneleguen.com\/jeanneleguen\/index.php?rest_route=%2Fwp%2Fv2%2Fcomments&post=2"}],"version-history":[{"count":6,"href":"http:\/\/www.jeanneleguen.com\/jeanneleguen\/index.php?rest_route=\/wp\/v2\/pages\/2\/revisions"}],"predecessor-version":[{"id":17,"href":"http:\/\/www.jeanneleguen.com\/jeanneleguen\/index.php?rest_route=\/wp\/v2\/pages\/2\/revisions\/17"}],"wp:attachment":[{"href":"http:\/\/www.jeanneleguen.com\/jeanneleguen\/index.php?rest_route=%2Fwp%2Fv2%2Fmedia&parent=2"}],"curies":[{"name":"wp","href":"https:\/\/api.w.org\/{rel}","templated":true}]}}